{"id":20357,"date":"2012-06-22T00:00:00","date_gmt":"2012-06-21T22:00:00","guid":{"rendered":"http:\/\/new.hdke.hu\/memorials\/"},"modified":"2012-06-22T00:00:00","modified_gmt":"2012-06-21T22:00:00","slug":"memorials","status":"publish","type":"page","link":"https:\/\/hdke.hu\/en\/remembrance\/memorials\/","title":{"rendered":"Memorials"},"content":{"rendered":"<p class=\"rteright\"><strong><em>\u201eEgy ember addig \u00e9l, am\u00edg eml\u00e9keznek r\u00e1.\u201d<\/em><\/p>\n<p>\t(Fekete Istv\u00e1n)<\/strong><\/p>\n<p>A Holocaust Dokument\u00e1ci\u00f3s K\u00f6zpont \u00e9s Eml\u00e9kgy\u0171jtem\u00e9ny K\u00f6zalap\u00edtv\u00e1ny Alap\u00edt\u00f3 Okirata alapfeladatak\u00e9nt hat\u00e1rozza meg, hogy felm\u00e9r\u00e9st \u00e9s nyilv\u00e1ntart\u00e1st k\u00e9sz\u00edtsen az orsz\u00e1g k\u00fcl\u00f6nb\u00f6z\u0151 telep\u00fcl\u00e9sein a zsid\u00f3 k\u00f6z\u00f6ss\u00e9ghez k\u00f6t\u0151d\u0151 eml\u00e9km\u0171vekr\u0151l, eml\u00e9kt\u00e1bl\u00e1kr\u00f3l, eml\u00e9khelyekr\u0151l \u00e9s \u00e9p\u00fcletekr\u0151l.<\/p>\n<p>\tAz eml\u00e9khelyekkel a halottaknak adjuk meg a tisztess\u00e9get, az \u00e9l\u0151knek pedig sz\u00fcks\u00e9g\u00fck van egy helyre, ahol elhelyezhetik az eml\u00e9kez\u00e9s k\u00f6veit \u00e9s m\u00e9cseseit. A felejt\u00e9s ellen \u00e1ll\u00edtj\u00e1k a k\u00f6veket, hogy eml\u00e9keztessenek a holokausztra.<\/p>\n<p>\t2010-2011. kiemelt feladatak\u00e9nt eddigi felm\u00e9r\u00e9seinket, kutat\u00e1sainkat k\u00edv\u00e1njuk pontos\u00edtani \u00e9s arr\u00f3l is t\u00e1j\u00e9koz\u00f3dni szeretn\u00e9nk, hogy a telep\u00fcl\u00e9seken tal\u00e1lhat\u00f3 zsid\u00f3 temet\u0151k milyen \u00e1llapotban vannak \u00e9s amennyiben sz\u00fcks\u00e9ges, adatokkal hol kell seg\u00edts\u00e9get ny\u00fajtanunk.<\/p>\n<p>\tAmikor eml\u00e9kez\u00fcnk, eml\u00e9ket \u00e1ll\u00edtunk, az \u00e1ldozatok mellett az emberment\u0151kre is eml\u00e9kezn\u00fcnk kell. Azokra, akik seg\u00edtettek embert\u00e1rsaikon, b\u00fajtattak, \u00e9lelmeztek vagy hamis pap\u00edrokat gy\u00e1rtottak, azaz saj\u00e1t \u00e9let\u00fcket kock\u00e1ztatva szembesz\u00e1lltak a hat\u00f3s\u00e1gokkal.<\/p>\n<p>\tTerveink szerint a fenti helysz\u00edneket honlapunkon, digit\u00e1lis t\u00e9rk\u00e9peken k\u00edv\u00e1njuk bemutatni. A budapesti t\u00e9rk\u00e9pen ker\u00fcletenk\u00e9nt, az orsz\u00e1goson pedig megy\u00e9nk\u00e9nt jelen\u00edtj\u00fck meg \u0151ket.<\/p>\n<p>\tAz adatok min\u00e9l pontosabb \u00f6sszegy\u0171jt\u00e9se \u00e9rdek\u00e9ben \u00f6ssze\u00e1ll\u00edtottunk egy 14 pontos k\u00e9rd\u0151\u00edvet, amit valamennyi \u00f6nkorm\u00e1nyzathoz szeretn\u00e9nk eljuttatni a v\u00e1lasz rem\u00e9ny\u00e9ben.<\/p>\n<p>\tA t\u00e9rk\u00e9pek v\u00e9gleges elk\u00e9sz\u00edt\u00e9s\u00e9hez ig\u00e9nybe vessz\u00fck a helyt\u00f6rt\u00e9n\u00e9szek seg\u00edts\u00e9g\u00e9t, akik \u00e9rtelemszer\u0171en az adott telep\u00fcl\u00e9sr\u0151l a legt\u00f6bb ismerettel rendelkeznek.<\/p>\n<p><iframe loading=\"lazy\" frameborder=\"0\" height=\"550\" marginheight=\"0\" marginwidth=\"0\" scrolling=\"no\" src=\"http:\/\/maps.google.hu\/maps\/ms?ie=UTF8&amp;hl=hu&amp;msa=0&amp;msid=101630920192218811046.000479e61f4a58c1fc6c2&amp;ll=47.502562,19.072609&amp;spn=0.017221,0.045276&amp;output=embed\" width=\"100%\"><\/iframe><\/p>\n<p>\t<small><a href=\"http:\/\/maps.google.hu\/maps\/ms?ie=UTF8&amp;hl=hu&amp;msa=0&amp;msid=101630920192218811046.000479e61f4a58c1fc6c2&amp;ll=47.502562,19.072609&amp;spn=0.017221,0.045276&amp;source=embed\">Eml\u00e9khelyek<\/a> nagyobb t\u00e9rk\u00e9pen val\u00f3 megjelen\u00edt\u00e9se<\/small><\/p>\n","protected":false},"excerpt":{"rendered":"<p>\u201eEgy ember addig \u00e9l, am\u00edg eml\u00e9keznek r\u00e1.\u201d (Fekete Istv\u00e1n) A Holocaust Dokument\u00e1ci\u00f3s K\u00f6zpont \u00e9s Eml\u00e9kgy\u0171jtem\u00e9ny K\u00f6zalap\u00edtv\u00e1ny Alap\u00edt\u00f3 Okirata alapfeladatak\u00e9nt hat\u00e1rozza meg, hogy felm\u00e9r\u00e9st \u00e9s nyilv\u00e1ntart\u00e1st k\u00e9sz\u00edtsen az orsz\u00e1g k\u00fcl\u00f6nb\u00f6z\u0151 telep\u00fcl\u00e9sein a zsid\u00f3 k\u00f6z\u00f6ss\u00e9ghez k\u00f6t\u0151d\u0151 eml\u00e9km\u0171vekr\u0151l, eml\u00e9kt\u00e1bl\u00e1kr\u00f3l, eml\u00e9khelyekr\u0151l \u00e9s \u00e9p\u00fcletekr\u0151l. Az eml\u00e9khelyekkel a halottaknak adjuk meg a tisztess\u00e9get, az \u00e9l\u0151knek pedig sz\u00fcks\u00e9g\u00fck van egy helyre, ahol<\/p>\n","protected":false},"author":1,"featured_media":0,"parent":20341,"menu_order":4,"comment_status":"closed","ping_status":"closed","template":"","meta":{"footnotes":""},"class_list":["post-20357","page","type-page","status-publish","hentry"],"acf":[],"_links":{"self":[{"href":"https:\/\/hdke.hu\/en\/wp-json\/wp\/v2\/pages\/20357","targetHints":{"allow":["GET"]}}],"collection":[{"href":"https:\/\/hdke.hu\/en\/wp-json\/wp\/v2\/pages"}],"about":[{"href":"https:\/\/hdke.hu\/en\/wp-json\/wp\/v2\/types\/page"}],"author":[{"embeddable":true,"href":"https:\/\/hdke.hu\/en\/wp-json\/wp\/v2\/users\/1"}],"replies":[{"embeddable":true,"href":"https:\/\/hdke.hu\/en\/wp-json\/wp\/v2\/comments?post=20357"}],"version-history":[{"count":0,"href":"https:\/\/hdke.hu\/en\/wp-json\/wp\/v2\/pages\/20357\/revisions"}],"up":[{"embeddable":true,"href":"https:\/\/hdke.hu\/en\/wp-json\/wp\/v2\/pages\/20341"}],"wp:attachment":[{"href":"https:\/\/hdke.hu\/en\/wp-json\/wp\/v2\/media?parent=20357"}],"curies":[{"name":"wp","href":"https:\/\/api.w.org\/{rel}","templated":true}]}}

<p class="rteright"><strong><em>„Egy ember addig él, amíg emlékeznek rá.”</em></p>
<p>	(Fekete István)</strong></p>
<p>A Holocaust Dokumentációs Központ és Emlékgyűjtemény Közalapítvány Alapító Okirata alapfeladataként határozza meg, hogy felmérést és nyilvántartást készítsen az ország különböző településein a zsidó közösséghez kötődő emlékművekről, emléktáblákról, emlékhelyekről és épületekről.</p>
<p>	Az emlékhelyekkel a halottaknak adjuk meg a tisztességet, az élőknek pedig szükségük van egy helyre, ahol elhelyezhetik az emlékezés köveit és mécseseit. A felejtés ellen állítják a köveket, hogy emlékeztessenek a holokausztra.</p>
<p>	2010-2011. kiemelt feladataként eddigi felméréseinket, kutatásainkat kívánjuk pontosítani és arról is tájékozódni szeretnénk, hogy a településeken található zsidó temetők milyen állapotban vannak és amennyiben szükséges, adatokkal hol kell segítséget nyújtanunk.</p>
<p>	Amikor emlékezünk, emléket állítunk, az áldozatok mellett az embermentőkre is emlékeznünk kell. Azokra, akik segítettek embertársaikon, bújtattak, élelmeztek vagy hamis papírokat gyártottak, azaz saját életüket kockáztatva szembeszálltak a hatóságokkal.</p>
<p>	Terveink szerint a fenti helyszíneket honlapunkon, digitális térképeken kívánjuk bemutatni. A budapesti térképen kerületenként, az országoson pedig megyénként jelenítjük meg őket.</p>
<p>	Az adatok minél pontosabb összegyűjtése érdekében összeállítottunk egy 14 pontos kérdőívet, amit valamennyi önkormányzathoz szeretnénk eljuttatni a válasz reményében.</p>
<p>	A térképek végleges elkészítéséhez igénybe vesszük a helytörténészek segítségét, akik értelemszerűen az adott településről a legtöbb ismerettel rendelkeznek.</p>
<p><iframe loading="lazy" frameborder="0" height="550" marginheight="0" marginwidth="0" scrolling="no" src="http://maps.google.hu/maps/ms?ie=UTF8&amp;hl=hu&amp;msa=0&amp;msid=101630920192218811046.000479e61f4a58c1fc6c2&amp;ll=47.502562,19.072609&amp;spn=0.017221,0.045276&amp;output=embed" width="100%"></iframe></p>
<p>	<small><a href="http://maps.google.hu/maps/ms?ie=UTF8&amp;hl=hu&amp;msa=0&amp;msid=101630920192218811046.000479e61f4a58c1fc6c2&amp;ll=47.502562,19.072609&amp;spn=0.017221,0.045276&amp;source=embed">Emlékhelyek</a> nagyobb térképen való megjelenítése</small></p>

<p>„Egy ember addig él, amíg emlékeznek rá.” (Fekete István) A Holocaust Dokumentációs Központ és Emlékgyűjtemény Közalapítvány Alapító Okirata alapfeladataként határozza meg, hogy felmérést és nyilvántartást készítsen az ország különböző településein a zsidó közösséghez kötődő emlékművekről, emléktáblákról, emlékhelyekről és épületekről. Az emlékhelyekkel a halottaknak adjuk meg a tisztességet, az élőknek pedig szükségük van egy helyre, ahol</p>
