{"id":20360,"date":"2012-06-21T00:00:00","date_gmt":"2012-06-20T22:00:00","guid":{"rendered":"http:\/\/new.hdke.hu\/memorial-wall-of-victims\/"},"modified":"2023-02-14T13:32:50","modified_gmt":"2023-02-14T12:32:50","slug":"memorial-wall-of-victims","status":"publish","type":"page","link":"https:\/\/hdke.hu\/en\/about-us\/building\/memorial-wall-of-victims\/","title":{"rendered":"Memorial Wall of Victims"},"content":{"rendered":"<section class=\"kc-elm kc-css-895372 kc_row\"><div class=\"kc-row-container  kc-container\"><div class=\"kc-wrap-columns\"><div class=\"kc-elm kc-css-313812 kc_col-sm-12 kc_column kc_col-sm-12\"><div class=\"kc-col-container\"><div class=\"kc-elm kc-css-566697 kc_shortcode kc_single_image\">\n\n        <img decoding=\"async\" src=\"https:\/\/hdke.hu\/wp-content\/uploads\/2023\/02\/pava-utca-39-polinszky-t-08-resize.jpg\" class=\"\" alt=\"\" \/>    <\/div>\n<div class=\"kc-elm kc-css-140533\" style=\"height: 20px; clear: both; width:100%;\"><\/div><div class=\"kc-elm kc_text_block\"><\/p>\n<p>Survivors and family members can evoke memories on their tormented, deported and murdered loved ones worthily and with piety at the Memorial Wall, where the engraved names of the victims serve as an eternal memento of the barbaric persecution. Designed by graphic artist L\u00e1szl\u00f3 Zs\u00f3t\u00e9r, the eight meters high glass wall can accommodate half a million names engraved by laser. Among the verified names, empty nametags represent the multitude of anonym victims of the Holocaust in Hungary.<\/p>\n<p>Visitors of the Memorial Center and visitors of the Center\u2019s website can search the digital database of the victims. As the efforts of collecting the names started after decades of delay, it is a difficult task to identify the names of all the murdered. By filling in the Personal Data Form of the victims, you can support gathering of the relevant data.<\/p>\n<p><a href=\"..\/hdke_nevek\">Search in our database&gt;&gt;<\/a><\/p>\n<p><a href=\"..\/remembrance\/en-azonositott-aldozatok\/en-nevbejelento\">Reporting names&gt;&gt;<\/a><\/p>\n<p>\n<\/div><\/div><\/div><\/div><\/div><\/section>\n<h3>Gal\u00e9ri\u00e1k<\/h3>\n<table>\n    <tr>\n        <th>N\u00e9v<\/th>\n    <\/tr>\n\t        <tr>\n            <td>\n                <a href=\"https:\/\/hdke.hu\/en\/galeria\/2023-01-27-holokauszt-nemzetkozi-emleknap\/\">\n\t\t\t\t\t2023.01.27. &#8211; Holokauszt Nemzetk\u00f6zi Eml\u00e9knap                <\/a>\n            <\/td>\n        <\/tr>\n\t<\/table>\n","protected":false},"excerpt":{"rendered":"<p>Gal\u00e9ri\u00e1k N\u00e9v 2023.01.27. &#8211; Holokauszt Nemzetk\u00f6zi Eml\u00e9knap<\/p>\n","protected":false},"author":1,"featured_media":0,"parent":20336,"menu_order":0,"comment_status":"closed","ping_status":"closed","template":"","meta":{"footnotes":""},"class_list":["post-20360","page","type-page","status-publish","hentry"],"acf":[],"_links":{"self":[{"href":"https:\/\/hdke.hu\/en\/wp-json\/wp\/v2\/pages\/20360","targetHints":{"allow":["GET"]}}],"collection":[{"href":"https:\/\/hdke.hu\/en\/wp-json\/wp\/v2\/pages"}],"about":[{"href":"https:\/\/hdke.hu\/en\/wp-json\/wp\/v2\/types\/page"}],"author":[{"embeddable":true,"href":"https:\/\/hdke.hu\/en\/wp-json\/wp\/v2\/users\/1"}],"replies":[{"embeddable":true,"href":"https:\/\/hdke.hu\/en\/wp-json\/wp\/v2\/comments?post=20360"}],"version-history":[{"count":1,"href":"https:\/\/hdke.hu\/en\/wp-json\/wp\/v2\/pages\/20360\/revisions"}],"predecessor-version":[{"id":23001,"href":"https:\/\/hdke.hu\/en\/wp-json\/wp\/v2\/pages\/20360\/revisions\/23001"}],"up":[{"embeddable":true,"href":"https:\/\/hdke.hu\/en\/wp-json\/wp\/v2\/pages\/20336"}],"wp:attachment":[{"href":"https:\/\/hdke.hu\/en\/wp-json\/wp\/v2\/media?parent=20360"}],"curies":[{"name":"wp","href":"https:\/\/api.w.org\/{rel}","templated":true}]}}

<section class="kc-elm kc-css-895372 kc_row"><div class="kc-row-container  kc-container"><div class="kc-wrap-columns"><div class="kc-elm kc-css-313812 kc_col-sm-12 kc_column kc_col-sm-12"><div class="kc-col-container"><div class="kc-elm kc-css-566697 kc_shortcode kc_single_image">

        <img decoding="async" src="https://hdke.hu/wp-content/uploads/2023/02/pava-utca-39-polinszky-t-08-resize.jpg" class="" alt="" />    </div>
<div class="kc-elm kc-css-140533" style="height: 20px; clear: both; width:100%;"></div><div class="kc-elm kc_text_block"></p>
<p>Survivors and family members can evoke memories on their tormented, deported and murdered loved ones worthily and with piety at the Memorial Wall, where the engraved names of the victims serve as an eternal memento of the barbaric persecution. Designed by graphic artist László Zsótér, the eight meters high glass wall can accommodate half a million names engraved by laser. Among the verified names, empty nametags represent the multitude of anonym victims of the Holocaust in Hungary.</p>
<p>Visitors of the Memorial Center and visitors of the Center’s website can search the digital database of the victims. As the efforts of collecting the names started after decades of delay, it is a difficult task to identify the names of all the murdered. By filling in the Personal Data Form of the victims, you can support gathering of the relevant data.</p>
<p><a href="../hdke_nevek">Search in our database&gt;&gt;</a></p>
<p><a href="../remembrance/en-azonositott-aldozatok/en-nevbejelento">Reporting names&gt;&gt;</a></p>
<p>
</div></div></div></div></div></section>
<h3>Galériák</h3>
<table>
    <tr>
        <th>Név</th>
    </tr>
	        <tr>
            <td>
                <a href="https://hdke.hu/en/galeria/2023-01-27-holokauszt-nemzetkozi-emleknap/">
					2023.01.27. &#8211; Holokauszt Nemzetközi Emléknap                </a>
            </td>
        </tr>
	</table>

<p>Galériák Név 2023.01.27. &#8211; Holokauszt Nemzetközi Emléknap</p>
