{"id":20372,"date":"2014-05-21T00:00:00","date_gmt":"2014-05-20T22:00:00","guid":{"rendered":"http:\/\/new.hdke.hu\/personal-income-tax-offer\/"},"modified":"2014-05-21T00:00:00","modified_gmt":"2014-05-20T22:00:00","slug":"personal-income-tax-offer","status":"publish","type":"page","link":"https:\/\/hdke.hu\/en\/personal-income-tax-offer\/","title":{"rendered":"Personal Income Tax offer"},"content":{"rendered":"<p>2012-ben a v\u00e9szkorszakb\u00f3l m\u00e9g csal\u00e1di hagyat\u00e9kokban fennmaradt t\u00e1rgyak, dokumentumok, fot\u00f3k szakszer\u0171 meg\u0151rz\u00e9s\u00e9re, rakt\u00e1roz\u00e1s\u00e1ra k\u00e9rj\u00fck felaj\u00e1nl\u00e1sukat. Most indult <a href=\"http:\/\/www.hdke.hu\/files\/csatolmanyok\/2012_emlekmentes_felhivas_0.pdf\">Lom STOP! &#8211; eml\u00e9kment\u00e9s ma <\/a>elnevez\u00e9s\u0171 kamp\u00e1nyunk r\u00e9v\u00e9n m\u00e1r eddig is t\u00f6bben kerestek meg minket, hogy gy\u0171jtem\u00e9ny\u00fcnk szakembereire b\u00edzz\u00e1k a most el\u0151ker\u00fclt vagy \u00e9ppen r\u00e9g\u00f3ta c\u00e9ltalanul rakt\u00e1rozott hagyat\u00e9kokat.<!--break--><\/p>\n<p>Gy\u0171jtem\u00e9ny\u00fcnk leg\u00e9rdekesebb darabjaib\u00f3l v\u00e1logat\u00e1st helyezt\u00fcnk el honlapunkon. Tekints\u00e9k meg <a href=\"http:\/\/hdke.hu\/kutatoknak\/gyujtemeny\/targyi-gyujtemeny\">t\u00e1rgy&gt;&gt;<\/a>, <a href=\"http:\/\/hdke.hu\/kutatoknak\/gyujtemeny\/dokumentumok\">dokumentum&gt;&gt;<\/a> \u00e9s <a href=\"http:\/\/hdke.hu\/kutatoknak\/gyujtemeny\/fotok\">fot\u00f3&gt;&gt; <\/a>gal\u00e9ri\u00e1nkat, olvassanak el eredetiben n\u00e9h\u00e1ny <a href=\"http:\/\/hdke.hu\/kutatoknak\/gyujtemeny\/leveltar\">visszaeml\u00e9kez\u00e9st&gt;&gt;<\/a>!<\/p>\n<p>Ne feledj\u00e9k, ad\u00f3juk 1%-a is sokat tehet egy-egy p\u00f3tolhatatlan kordokumentum meg\u0151rz\u00e9s\u00e9\u00e9rt. K\u00e9rj\u00fck, \u00d6n is t\u00e1mogassa az \u00e1ldozatok eml\u00e9k\u00e9nek m\u00e9lt\u00f3 meg\u0151rz\u00e9s\u00e9t!<\/p>\n<p>A Holocaust K\u00f6zalap\u00edtv\u00e1ny, mint k\u00f6zc\u00e9l\u00fa nonprofit szervezet jogosult az \u00d6n szem\u00e9lyi j\u00f6vedelemad\u00f3ja 1%-ra. Ezt a felaj\u00e1nl\u00e1st \u00e9ves ad\u00f3bevall\u00e1s\u00e1nak elk\u00e9sz\u00edt\u00e9sekor, az arra rendszeres\u00edtett nyomtatv\u00e1nyon teheti meg a kedvezm\u00e9nyezett szervezet neve \u00e9s ad\u00f3sz\u00e1ma felt\u00fcntet\u00e9s\u00e9vel.<\/p>\n<p><strong>N\u00e9v: Holocaust K\u00f6zalap\u00edtv\u00e1ny<\/strong><\/p>\n<p>\t<strong>Ad\u00f3sz\u00e1m: 18245938-2-43<\/strong><\/p>\n<p>\tAz ad\u00f3bevall\u00e1shoz mell\u00e9kelend\u0151 nyomtatv\u00e1nyt az al\u00e1bbi helyr\u0151l is let\u00f6ltheti, kinyomtathatja!<\/p>\n<p>K\u00f6sz\u00f6nj\u00fck felaj\u00e1nl\u00e1s\u00e1t!<\/p>\n","protected":false},"excerpt":{"rendered":"<p>2012-ben a v\u00e9szkorszakb\u00f3l m\u00e9g csal\u00e1di hagyat\u00e9kokban fennmaradt t\u00e1rgyak, dokumentumok, fot\u00f3k szakszer\u0171 meg\u0151rz\u00e9s\u00e9re, rakt\u00e1roz\u00e1s\u00e1ra k\u00e9rj\u00fck felaj\u00e1nl\u00e1sukat. Most indult Lom STOP! &#8211; eml\u00e9kment\u00e9s ma elnevez\u00e9s\u0171 kamp\u00e1nyunk r\u00e9v\u00e9n m\u00e1r eddig is t\u00f6bben kerestek meg minket, hogy gy\u0171jtem\u00e9ny\u00fcnk szakembereire b\u00edzz\u00e1k a most el\u0151ker\u00fclt vagy \u00e9ppen r\u00e9g\u00f3ta c\u00e9ltalanul rakt\u00e1rozott hagyat\u00e9kokat. Gy\u0171jtem\u00e9ny\u00fcnk leg\u00e9rdekesebb darabjaib\u00f3l v\u00e1logat\u00e1st helyezt\u00fcnk el honlapunkon. Tekints\u00e9k meg t\u00e1rgy&gt;&gt;,<\/p>\n","protected":false},"author":1,"featured_media":0,"parent":0,"menu_order":0,"comment_status":"closed","ping_status":"closed","template":"","meta":{"footnotes":""},"class_list":["post-20372","page","type-page","status-publish","hentry"],"acf":[],"_links":{"self":[{"href":"https:\/\/hdke.hu\/en\/wp-json\/wp\/v2\/pages\/20372","targetHints":{"allow":["GET"]}}],"collection":[{"href":"https:\/\/hdke.hu\/en\/wp-json\/wp\/v2\/pages"}],"about":[{"href":"https:\/\/hdke.hu\/en\/wp-json\/wp\/v2\/types\/page"}],"author":[{"embeddable":true,"href":"https:\/\/hdke.hu\/en\/wp-json\/wp\/v2\/users\/1"}],"replies":[{"embeddable":true,"href":"https:\/\/hdke.hu\/en\/wp-json\/wp\/v2\/comments?post=20372"}],"version-history":[{"count":0,"href":"https:\/\/hdke.hu\/en\/wp-json\/wp\/v2\/pages\/20372\/revisions"}],"wp:attachment":[{"href":"https:\/\/hdke.hu\/en\/wp-json\/wp\/v2\/media?parent=20372"}],"curies":[{"name":"wp","href":"https:\/\/api.w.org\/{rel}","templated":true}]}}

<p>2012-ben a vészkorszakból még családi hagyatékokban fennmaradt tárgyak, dokumentumok, fotók szakszerű megőrzésére, raktározására kérjük felajánlásukat. Most indult <a href="http://www.hdke.hu/files/csatolmanyok/2012_emlekmentes_felhivas_0.pdf">Lom STOP! &#8211; emlékmentés ma </a>elnevezésű kampányunk révén már eddig is többen kerestek meg minket, hogy gyűjteményünk szakembereire bízzák a most előkerült vagy éppen régóta céltalanul raktározott hagyatékokat.<!--break--></p>
<p>Gyűjteményünk legérdekesebb darabjaiból válogatást helyeztünk el honlapunkon. Tekintsék meg <a href="http://hdke.hu/kutatoknak/gyujtemeny/targyi-gyujtemeny">tárgy&gt;&gt;</a>, <a href="http://hdke.hu/kutatoknak/gyujtemeny/dokumentumok">dokumentum&gt;&gt;</a> és <a href="http://hdke.hu/kutatoknak/gyujtemeny/fotok">fotó&gt;&gt; </a>galériánkat, olvassanak el eredetiben néhány <a href="http://hdke.hu/kutatoknak/gyujtemeny/leveltar">visszaemlékezést&gt;&gt;</a>!</p>
<p>Ne feledjék, adójuk 1%-a is sokat tehet egy-egy pótolhatatlan kordokumentum megőrzéséért. Kérjük, Ön is támogassa az áldozatok emlékének méltó megőrzését!</p>
<p>A Holocaust Közalapítvány, mint közcélú nonprofit szervezet jogosult az Ön személyi jövedelemadója 1%-ra. Ezt a felajánlást éves adóbevallásának elkészítésekor, az arra rendszeresített nyomtatványon teheti meg a kedvezményezett szervezet neve és adószáma feltüntetésével.</p>
<p><strong>Név: Holocaust Közalapítvány</strong></p>
<p>	<strong>Adószám: 18245938-2-43</strong></p>
<p>	Az adóbevalláshoz mellékelendő nyomtatványt az alábbi helyről is letöltheti, kinyomtathatja!</p>
<p>Köszönjük felajánlását!</p>

<p>2012-ben a vészkorszakból még családi hagyatékokban fennmaradt tárgyak, dokumentumok, fotók szakszerű megőrzésére, raktározására kérjük felajánlásukat. Most indult Lom STOP! &#8211; emlékmentés ma elnevezésű kampányunk révén már eddig is többen kerestek meg minket, hogy gyűjteményünk szakembereire bízzák a most előkerült vagy éppen régóta céltalanul raktározott hagyatékokat. Gyűjteményünk legérdekesebb darabjaiból válogatást helyeztünk el honlapunkon. Tekintsék meg tárgy&gt;&gt;,</p>
