{"id":29468,"date":"2024-05-08T15:51:33","date_gmt":"2024-05-08T13:51:33","guid":{"rendered":"https:\/\/hdke.hu\/?page_id=29468"},"modified":"2024-05-08T15:55:45","modified_gmt":"2024-05-08T13:55:45","slug":"vilag-igaza-kerelem-benyujtasa","status":"publish","type":"page","link":"https:\/\/hdke.hu\/en\/vilag-igaza-kerelem-benyujtasa\/","title":{"rendered":"Vil\u00e1g Igaza \u2013 k\u00e9relem beny\u00fajt\u00e1sa"},"content":{"rendered":"<section class=\"kc-elm kc-css-456389 kc_row\"><div class=\"kc-row-container  kc-container\"><div class=\"kc-wrap-columns\"><div class=\"kc-elm kc-css-193596 kc_col-sm-12 kc_column kc_col-sm-12\"><div class=\"kc-col-container\"><div class=\"kc-elm kc_text_block\"><\/p>\n<p>Az izraeli Yad Vashem holokauszt eml\u00e9kk\u00f6zpont Vil\u00e1g Igaza kit\u00fcntet\u00e9s\u00e9t azoknak a <strong>nem zsid\u00f3<\/strong> szem\u00e9lyeknek adja, akik zsid\u00f3kat mentettek a holokauszt idej\u00e9n.<\/p>\n<p>A Vil\u00e1g Igaza c\u00edm adom\u00e1nyoz\u00e1s\u00e1ra akkor ker\u00fclhet sor, ha a rendelkez\u00e9sre \u00e1ll\u00f3 adatok (t\u00fal\u00e9l\u0151k vallom\u00e1sa vagy egy\u00e9b dokumentumok alapj\u00e1n) egy\u00e9rtelm\u0171en bizony\u00edtott, hogy egy nem zsid\u00f3 szem\u00e9ly \u00e9let\u00e9t, szabads\u00e1g\u00e1t \u00e9s biztons\u00e1g\u00e1t kock\u00e1ztatta annak \u00e9rdek\u00e9ben, hogy megmentett egy vagy t\u00f6bb zsid\u00f3t a hal\u00e1los fenyeget\u00e9st\u0151l vagy a deport\u00e1l\u00e1st\u00f3l an\u00e9lk\u00fcl, hogy p\u00e9nzbeli k\u00e1rt\u00e9r\u00edt\u00e9st vagy egy\u00e9b jutalmat k\u00f6vetelt volna \u00e9rte. Ez az az\u00f3ta elhunyt ment\u0151kre is vonatkozik.<\/p>\n<ol>\n<li>A nem zsid\u00f3 ment\u0151 olyan zsid\u00f3n(zsid\u00f3kon) seg\u00edtett, akik vesz\u00e9lyben voltak, vagy koncentr\u00e1ci\u00f3s t\u00e1borba hurcol\u00e1s el\u0151tt \u00e1lltak, ez\u00e9rt megment\u0151j\u00fck az \u00e9let\u00fcket mentette meg.<\/li>\n<li>A ment\u0151 tiszt\u00e1ban volt azzal, hogy tett\u00e9vel saj\u00e1t \u00e9let\u00e9t, szabads\u00e1g\u00e1t \u00e9s biztons\u00e1g\u00e1t vesz\u00e9lyezteti.<\/li>\n<li>A ment\u0151 semmilyen anyagi ellenszolg\u00e1ltat\u00e1st nem kapott tett\u00e9\u00e9rt a ment\u00e9s idej\u00e9n \u00e9s sem sz\u00f3ban, sem \u00edr\u00e1sban nem r\u00e9szes\u00fclt semmilyen \u00edg\u00e9retben, hogy a vesz\u00e9ly elm\u00falt\u00e1val b\u00e1rmif\u00e9le anyagi kompenz\u00e1ci\u00f3ban fog majd r\u00e9szes\u00fclni<\/li>\n<li>A ment\u0151 akt\u00edv szerepet j\u00e1tszott a ment\u00e9sben, saj\u00e1t kezdem\u00e9nyez\u00e9s\u00e9re cselekedett<\/li>\n<li>A ment\u0151tev\u00e9kenys\u00e9g hiteless\u00e9g\u00e9r\u0151l a megmentett\u0151l sz\u00e1rmaz\u00f3 bizony\u00edt\u00e9kok rendelkez\u00e9s\u00e9re \u00e1llnak, ha el\u00e9rhet\u0151, szemtan\u00fakt\u00f3l sz\u00e1rmaz\u00f3 besz\u00e1mol\u00f3k, hivatalos dokumentumok.<\/li>\n<\/ol>\n<p><strong><em><u>Hogyan t\u00f6rt\u00e9nik a jel\u00f6l\u00e9s?<\/u><\/em><\/strong><\/p>\n<p>A jel\u00f6l\u00e9shez a k\u00f6vetkez\u0151 dokumentumok kell eljuttatni a Yad Vashembe (Igazs\u00e1g\u00fcgyi Oszt\u00e1ly):<br \/>\n1. A ment\u00e9si k\u00eds\u00e9rlet t\u00fal\u00e9l\u0151inek \u00e9s m\u00e1s tan\u00fainak al\u00e1\u00edrt \u00e9s k\u00f6zjegyz\u0151 \u00e1ltal hiteles\u00edtett vallom\u00e1sai. A tan\u00favallom\u00e1soknak tartalmazniuk kell minden ismert szem\u00e9lyes adatot a ment\u0151kr\u0151l \u00e9s a t\u00fal\u00e9l\u0151kr\u0151l, a ment\u00e9si k\u00eds\u00e9rlet r\u00e9szletes le\u00edr\u00e1s\u00e1t (hogyan t\u00f6rt\u00e9nt a kapcsolatfelv\u00e9tel a ment\u0151vel; a ment\u00e9s form\u00e1ja; a ment\u00e9s helye \u00e9s id\u0151pontja; milyen meg\u00e1llapod\u00e1sok vagy meg\u00e1llapod\u00e1sok sz\u00fclettek a ment\u0151k \u00e9s a t\u00fal\u00e9l\u0151k k\u00f6z\u00f6tt; hogyan nyilv\u00e1nult meg a ment\u0151ket fenyeget\u0151 vesz\u00e9ly; b\u00e1rmilyen egy\u00e9b r\u00e9szlet, amely f\u00e9nyt der\u00edthet a ment\u00e9s term\u00e9szet\u00e9re.) A tan\u00favallom\u00e1sokat h\u00e9ber\u00fcl vagy b\u00e1rmely eur\u00f3pai nyelven be lehet ny\u00fajtani.<br \/>\n2. B\u00e1rmilyen dokumentum, amely hiteles\u00edtheti a ment\u00e9si k\u00eds\u00e9rletet \u00e9s a t\u00fal\u00e9l\u0151k sors\u00e1t: hivatalos dokumentumok a holokauszt idej\u00e9b\u0151l; levelek vagy napl\u00f3k; t\u00fal\u00e9l\u0151k \u00e9s megment\u0151k f\u00e9nyk\u00e9pei, a t\u00fal\u00e9l\u0151k \u00e9s csal\u00e1djaik, valamint a megment\u0151k \u00e9s csal\u00e1djaik k\u00f6z\u00f6tti h\u00e1bor\u00fa ut\u00e1ni levelez\u00e9s, a h\u00e1bor\u00fa ut\u00e1ni eml\u00e9kiratok vagy a t\u00fal\u00e9l\u0151k vallom\u00e1sai; m\u00e1s szem\u00e9lyek tan\u00favallom\u00e1sa, akik tudtak a ment\u00e9sr\u0151l (szomsz\u00e9dok, m\u00e1s t\u00fal\u00e9l\u0151k stb.); minden egy\u00e9b dokumentum, amely f\u00e9nyt der\u00edthet a ment\u00e9si cselekm\u00e9nyre, valamint a ment\u0151k \u00e9s a megmentettek kapcsolat\u00e1ra.<\/p>\n<p>A tan\u00favallom\u00e1sokat \u00e9s a k\u00eds\u00e9r\u0151 dokumentumokat a Yad Vashem arch\u00edvum\u00e1ban \u0151rzik meg, \u00e9s kutat\u00e1si, oktat\u00e1si valamint eml\u00e9kez\u00e9si c\u00e9lokat szolg\u00e1lnak. A Yad Vashem elk\u00f6telezte mag\u00e1t amellett, hogy folytatja a Nemzetek Igaza Programot mindaddig, am\u00edg \u00e9rkeznek pet\u00edci\u00f3k, \u00e9s azokat szil\u00e1rd bizony\u00edt\u00e9kok t\u00e1masztj\u00e1k al\u00e1, amelyek megfelelnek a krit\u00e9riumoknak.<\/p>\n<p><em><u>Hol adhatj\u00e1k be a dokumentumokat?<br \/>\n<\/u><\/em>C\u00edm: Righteous Among the Nations Department<br \/>\nYad Vashem<br \/>\nPOB 3477<br \/>\nJerusalem<br \/>\nIsrael, 9103401<\/p>\n<p>Tel. 972-2-6443525<br \/>\nFax. 972-2-6443743<br \/>\nE-mail: <a href=\"mailto:righteous.nations@yadvashem.org.il\">righteous.nations@yadvashem.org.il<\/a><\/p>\n<p><strong><em><u>Mi az elb\u00edr\u00e1l\u00e1s menete?<br \/>\n<\/u><\/em><\/strong>A Yad Vashem eml\u00e9khely egyik r\u00e9szlege a Vil\u00e1g Igaza Hivatal. 1963 \u00f3ta bizotts\u00e1g vizsg\u00e1lja a megmentettekt\u0151l be\u00e9rkezett javaslatokat. A bizotts\u00e1g eln\u00f6ke az izraeli legfels\u0151bb b\u00edr\u00f3s\u00e1g egyik nyugalmazott b\u00edr\u00e1ja. A bizotts\u00e1g d\u00f6nt\u00e9seinek folyamata nem nyilv\u00e1nos, a d\u00f6nt\u00e9sekkel kapcsolatos iratok titkosak, vezet\u0151 magyar t\u00f6rt\u00e9n\u00e9szek sem tekinthetnek bel\u00e9j\u00fck, k\u00fcls\u0151 ellen\u0151rz\u00e9s, fellebbez\u00e9si lehet\u0151s\u00e9g nincsen, nyilv\u00e1nval\u00f3 t\u00e9ved\u00e9s eset\u00e9n sem. El\u0151fordul, hogy a hivatal a holokausztt\u00fal\u00e9l\u0151k \u00fcgyv\u00e9di seg\u00edts\u00e9g n\u00e9lk\u00fcli, saj\u00e1t szavakkal fogalmazott tan\u00favallom\u00e1sait elutas\u00edtj\u00e1k. Ennek elker\u00fcl\u00e9se \u00e9rdek\u00e9ben k\u00e9rj\u00fck, tanulm\u00e1nyozza \u00e1t alaposan a Yad Vashem erre vonatkoz\u00f3 <a href=\"https:\/\/hdke.hu\/jogszabaly\/yad-vashem-utmutato-tanuvallomas-megirasahoz\/\">\u00fatmutat\u00e1s\u00e1t<\/a>.<\/p>\n<p>\n<\/div><\/div><\/div><\/div><\/div><\/section>\n","protected":false},"excerpt":{"rendered":"","protected":false},"author":15,"featured_media":0,"parent":0,"menu_order":0,"comment_status":"closed","ping_status":"closed","template":"","meta":{"footnotes":""},"class_list":["post-29468","page","type-page","status-publish","hentry"],"acf":[],"_links":{"self":[{"href":"https:\/\/hdke.hu\/en\/wp-json\/wp\/v2\/pages\/29468","targetHints":{"allow":["GET"]}}],"collection":[{"href":"https:\/\/hdke.hu\/en\/wp-json\/wp\/v2\/pages"}],"about":[{"href":"https:\/\/hdke.hu\/en\/wp-json\/wp\/v2\/types\/page"}],"author":[{"embeddable":true,"href":"https:\/\/hdke.hu\/en\/wp-json\/wp\/v2\/users\/15"}],"replies":[{"embeddable":true,"href":"https:\/\/hdke.hu\/en\/wp-json\/wp\/v2\/comments?post=29468"}],"version-history":[{"count":2,"href":"https:\/\/hdke.hu\/en\/wp-json\/wp\/v2\/pages\/29468\/revisions"}],"predecessor-version":[{"id":29472,"href":"https:\/\/hdke.hu\/en\/wp-json\/wp\/v2\/pages\/29468\/revisions\/29472"}],"wp:attachment":[{"href":"https:\/\/hdke.hu\/en\/wp-json\/wp\/v2\/media?parent=29468"}],"curies":[{"name":"wp","href":"https:\/\/api.w.org\/{rel}","templated":true}]}}

Világ Igaza – kérelem benyújtása

<section class="kc-elm kc-css-456389 kc_row"><div class="kc-row-container  kc-container"><div class="kc-wrap-columns"><div class="kc-elm kc-css-193596 kc_col-sm-12 kc_column kc_col-sm-12"><div class="kc-col-container"><div class="kc-elm kc_text_block"></p>
<p>Az izraeli Yad Vashem holokauszt emlékközpont Világ Igaza kitüntetését azoknak a <strong>nem zsidó</strong> személyeknek adja, akik zsidókat mentettek a holokauszt idején.</p>
<p>A Világ Igaza cím adományozására akkor kerülhet sor, ha a rendelkezésre álló adatok (túlélők vallomása vagy egyéb dokumentumok alapján) egyértelműen bizonyított, hogy egy nem zsidó személy életét, szabadságát és biztonságát kockáztatta annak érdekében, hogy megmentett egy vagy több zsidót a halálos fenyegetéstől vagy a deportálástól anélkül, hogy pénzbeli kártérítést vagy egyéb jutalmat követelt volna érte. Ez az azóta elhunyt mentőkre is vonatkozik.</p>
<ol>
<li>A nem zsidó mentő olyan zsidón(zsidókon) segített, akik veszélyben voltak, vagy koncentrációs táborba hurcolás előtt álltak, ezért megmentőjük az életüket mentette meg.</li>
<li>A mentő tisztában volt azzal, hogy tettével saját életét, szabadságát és biztonságát veszélyezteti.</li>
<li>A mentő semmilyen anyagi ellenszolgáltatást nem kapott tettéért a mentés idején és sem szóban, sem írásban nem részesült semmilyen ígéretben, hogy a veszély elmúltával bármiféle anyagi kompenzációban fog majd részesülni</li>
<li>A mentő aktív szerepet játszott a mentésben, saját kezdeményezésére cselekedett</li>
<li>A mentőtevékenység hitelességéről a megmentettől származó bizonyítékok rendelkezésére állnak, ha elérhető, szemtanúktól származó beszámolók, hivatalos dokumentumok.</li>
</ol>
<p><strong><em><u>Hogyan történik a jelölés?</u></em></strong></p>
<p>A jelöléshez a következő dokumentumok kell eljuttatni a Yad Vashembe (Igazságügyi Osztály):<br />
1. A mentési kísérlet túlélőinek és más tanúinak aláírt és közjegyző által hitelesített vallomásai. A tanúvallomásoknak tartalmazniuk kell minden ismert személyes adatot a mentőkről és a túlélőkről, a mentési kísérlet részletes leírását (hogyan történt a kapcsolatfelvétel a mentővel; a mentés formája; a mentés helye és időpontja; milyen megállapodások vagy megállapodások születtek a mentők és a túlélők között; hogyan nyilvánult meg a mentőket fenyegető veszély; bármilyen egyéb részlet, amely fényt deríthet a mentés természetére.) A tanúvallomásokat héberül vagy bármely európai nyelven be lehet nyújtani.<br />
2. Bármilyen dokumentum, amely hitelesítheti a mentési kísérletet és a túlélők sorsát: hivatalos dokumentumok a holokauszt idejéből; levelek vagy naplók; túlélők és megmentők fényképei, a túlélők és családjaik, valamint a megmentők és családjaik közötti háború utáni levelezés, a háború utáni emlékiratok vagy a túlélők vallomásai; más személyek tanúvallomása, akik tudtak a mentésről (szomszédok, más túlélők stb.); minden egyéb dokumentum, amely fényt deríthet a mentési cselekményre, valamint a mentők és a megmentettek kapcsolatára.</p>
<p>A tanúvallomásokat és a kísérő dokumentumokat a Yad Vashem archívumában őrzik meg, és kutatási, oktatási valamint emlékezési célokat szolgálnak. A Yad Vashem elkötelezte magát amellett, hogy folytatja a Nemzetek Igaza Programot mindaddig, amíg érkeznek petíciók, és azokat szilárd bizonyítékok támasztják alá, amelyek megfelelnek a kritériumoknak.</p>
<p><em><u>Hol adhatják be a dokumentumokat?<br />
</u></em>Cím: Righteous Among the Nations Department<br />
Yad Vashem<br />
POB 3477<br />
Jerusalem<br />
Israel, 9103401</p>
<p>Tel. 972-2-6443525<br />
Fax. 972-2-6443743<br />
E-mail: <a href="mailto:righteous.nations@yadvashem.org.il">righteous.nations@yadvashem.org.il</a></p>
<p><strong><em><u>Mi az elbírálás menete?<br />
</u></em></strong>A Yad Vashem emlékhely egyik részlege a Világ Igaza Hivatal. 1963 óta bizottság vizsgálja a megmentettektől beérkezett javaslatokat. A bizottság elnöke az izraeli legfelsőbb bíróság egyik nyugalmazott bírája. A bizottság döntéseinek folyamata nem nyilvános, a döntésekkel kapcsolatos iratok titkosak, vezető magyar történészek sem tekinthetnek beléjük, külső ellenőrzés, fellebbezési lehetőség nincsen, nyilvánvaló tévedés esetén sem. Előfordul, hogy a hivatal a holokauszttúlélők ügyvédi segítség nélküli, saját szavakkal fogalmazott tanúvallomásait elutasítják. Ennek elkerülése érdekében kérjük, tanulmányozza át alaposan a Yad Vashem erre vonatkozó <a href="https://hdke.hu/jogszabaly/yad-vashem-utmutato-tanuvallomas-megirasahoz/">útmutatását</a>.</p>
<p>
</div></div></div></div></div></section>
